{"id":12011,"date":"2021-08-21T03:52:28","date_gmt":"2021-08-21T03:52:28","guid":{"rendered":"http:\/\/foodiesdarkitchen.com\/?post_type=product&#038;p=12011"},"modified":"2023-04-21T20:09:07","modified_gmt":"2023-04-21T20:09:07","slug":"cheesecake","status":"publish","type":"product","link":"https:\/\/foodiesdarkitchen.com\/index.php\/product\/cheesecake\/","title":{"rendered":"Cheesecake"},"content":{"rendered":"","protected":false},"excerpt":{"rendered":"<p>El Pay de Queso New York es una mezcla de crema, mantequilla, huevo, leche y un toque de vainilla, todo vertido sobre harina para formar la base formando una deliciosa galleta. Es ideal para compartir; solo parte una rebanada y acomp\u00e1\u00f1alo con caf\u00e9 negro, leche fr\u00eda o un brandy. Rinde de 8 a 10 porciones.<\/p>\n","protected":false},"featured_media":12015,"comment_status":"open","ping_status":"closed","template":"","meta":{"om_disable_all_campaigns":false,"_monsterinsights_skip_tracking":false,"_monsterinsights_sitenote_active":false,"_monsterinsights_sitenote_note":"","_monsterinsights_sitenote_category":0},"product_cat":[41],"product_tag":[],"_links":{"self":[{"href":"https:\/\/foodiesdarkitchen.com\/index.php\/wp-json\/wp\/v2\/product\/12011"}],"collection":[{"href":"https:\/\/foodiesdarkitchen.com\/index.php\/wp-json\/wp\/v2\/product"}],"about":[{"href":"https:\/\/foodiesdarkitchen.com\/index.php\/wp-json\/wp\/v2\/types\/product"}],"replies":[{"embeddable":true,"href":"https:\/\/foodiesdarkitchen.com\/index.php\/wp-json\/wp\/v2\/comments?post=12011"}],"wp:featuredmedia":[{"embeddable":true,"href":"https:\/\/foodiesdarkitchen.com\/index.php\/wp-json\/wp\/v2\/media\/12015"}],"wp:attachment":[{"href":"https:\/\/foodiesdarkitchen.com\/index.php\/wp-json\/wp\/v2\/media?parent=12011"}],"wp:term":[{"taxonomy":"product_cat","embeddable":true,"href":"https:\/\/foodiesdarkitchen.com\/index.php\/wp-json\/wp\/v2\/product_cat?post=12011"},{"taxonomy":"product_tag","embeddable":true,"href":"https:\/\/foodiesdarkitchen.com\/index.php\/wp-json\/wp\/v2\/product_tag?post=12011"}],"curies":[{"name":"wp","href":"https:\/\/api.w.org\/{rel}","templated":true}]}}