{"id":12025,"date":"2021-08-21T03:58:12","date_gmt":"2021-08-21T03:58:12","guid":{"rendered":"http:\/\/foodiesdarkitchen.com\/?post_type=product&#038;p=12025"},"modified":"2022-06-16T20:47:18","modified_gmt":"2022-06-16T20:47:18","slug":"carpaccio-de-salmon-ahumado","status":"publish","type":"product","link":"https:\/\/foodiesdarkitchen.com\/index.php\/product\/carpaccio-de-salmon-ahumado\/","title":{"rendered":"Carpaccio de Salm\u00f3n Ahumado"},"content":{"rendered":"","protected":false},"excerpt":{"rendered":"<p>El Carpaccio de Salm\u00f3n Ahumado est\u00e1 finamente rebanado, lo \u00fanico que hace falta es que lo arregles de forma creativa sobre la superficie del plato. Te recomendamos que lo adereces con hilos de aceite de oliva, a\u00f1adiendo sal y pimienta al gusto. Para finalizar, esparce una salsa elaborada con mayonesa, aceite de oliva, mostaza, albahaca y un toque de lim\u00f3n. Decora con hojas de r\u00facula y gu\u00e1rdalo en el refrigerador un par de horas antes de servirlo para que todos los ingredientes se integren y se acent\u00faen los sabores.<\/p>\n","protected":false},"featured_media":12026,"comment_status":"open","ping_status":"closed","template":"","meta":{"om_disable_all_campaigns":false,"_monsterinsights_skip_tracking":false,"_monsterinsights_sitenote_active":false,"_monsterinsights_sitenote_note":"","_monsterinsights_sitenote_category":0},"product_cat":[37],"product_tag":[],"_links":{"self":[{"href":"https:\/\/foodiesdarkitchen.com\/index.php\/wp-json\/wp\/v2\/product\/12025"}],"collection":[{"href":"https:\/\/foodiesdarkitchen.com\/index.php\/wp-json\/wp\/v2\/product"}],"about":[{"href":"https:\/\/foodiesdarkitchen.com\/index.php\/wp-json\/wp\/v2\/types\/product"}],"replies":[{"embeddable":true,"href":"https:\/\/foodiesdarkitchen.com\/index.php\/wp-json\/wp\/v2\/comments?post=12025"}],"wp:featuredmedia":[{"embeddable":true,"href":"https:\/\/foodiesdarkitchen.com\/index.php\/wp-json\/wp\/v2\/media\/12026"}],"wp:attachment":[{"href":"https:\/\/foodiesdarkitchen.com\/index.php\/wp-json\/wp\/v2\/media?parent=12025"}],"wp:term":[{"taxonomy":"product_cat","embeddable":true,"href":"https:\/\/foodiesdarkitchen.com\/index.php\/wp-json\/wp\/v2\/product_cat?post=12025"},{"taxonomy":"product_tag","embeddable":true,"href":"https:\/\/foodiesdarkitchen.com\/index.php\/wp-json\/wp\/v2\/product_tag?post=12025"}],"curies":[{"name":"wp","href":"https:\/\/api.w.org\/{rel}","templated":true}]}}