{"id":47,"date":"2017-06-14T08:24:57","date_gmt":"2017-06-14T08:24:57","guid":{"rendered":"http:\/\/dummy.xtemos.com\/woodmart-elementor\/?post_type=product&#038;p=47"},"modified":"2023-04-21T20:07:50","modified_gmt":"2023-04-21T20:07:50","slug":"carne-molida-de-res","status":"publish","type":"product","link":"https:\/\/foodiesdarkitchen.com\/index.php\/product\/carne-molida-de-res\/","title":{"rendered":"Carne molida de res"},"content":{"rendered":"<p>Cubilia vestibulum interdum nisl a parturient a auctor vestibulum taciti vel bibendum tempor adipiscing suspendisse posuere libero penatibus<\/p>\n","protected":false},"excerpt":{"rendered":"<div class=\"product-details__description\">La Carne Molida de Res 85\/15 Org\u00e1nica\u00a0 es perfecta para preparar unas deliciosas hamburguesas caseras o para recetas del d\u00eda a d\u00eda como picadillo y alb\u00f3ndigas. El ganado del que se obtiene la carne org\u00e1nica es alimentado con una dieta natural en pastizales, lo cual se nota inmediatamente en el sabor y en su calidad nutricional.<\/div>\n<div class=\"product-details__nutrifacts-wrapper\">\n<div class=\"nutrition-facts\"><\/div>\n<\/div>\n","protected":false},"featured_media":11991,"comment_status":"open","ping_status":"closed","template":"","meta":{"om_disable_all_campaigns":false,"_monsterinsights_skip_tracking":false,"_monsterinsights_sitenote_active":false,"_monsterinsights_sitenote_note":"","_monsterinsights_sitenote_category":0},"product_cat":[26],"product_tag":[],"_links":{"self":[{"href":"https:\/\/foodiesdarkitchen.com\/index.php\/wp-json\/wp\/v2\/product\/47"}],"collection":[{"href":"https:\/\/foodiesdarkitchen.com\/index.php\/wp-json\/wp\/v2\/product"}],"about":[{"href":"https:\/\/foodiesdarkitchen.com\/index.php\/wp-json\/wp\/v2\/types\/product"}],"replies":[{"embeddable":true,"href":"https:\/\/foodiesdarkitchen.com\/index.php\/wp-json\/wp\/v2\/comments?post=47"}],"wp:featuredmedia":[{"embeddable":true,"href":"https:\/\/foodiesdarkitchen.com\/index.php\/wp-json\/wp\/v2\/media\/11991"}],"wp:attachment":[{"href":"https:\/\/foodiesdarkitchen.com\/index.php\/wp-json\/wp\/v2\/media?parent=47"}],"wp:term":[{"taxonomy":"product_cat","embeddable":true,"href":"https:\/\/foodiesdarkitchen.com\/index.php\/wp-json\/wp\/v2\/product_cat?post=47"},{"taxonomy":"product_tag","embeddable":true,"href":"https:\/\/foodiesdarkitchen.com\/index.php\/wp-json\/wp\/v2\/product_tag?post=47"}],"curies":[{"name":"wp","href":"https:\/\/api.w.org\/{rel}","templated":true}]}}